mainder when h(-3) is divided by i.
28
Let c be (-7 - (-27 + -1)) + 1 + 0. Suppose -48 = -2*z - c. Calculate the remainder when 357 is divided by z.
6
Suppose 42*c - 5 = 1045. What is the remainder when 1595 is divided by c?
20
Calculate the remainder when -188*(4 + -1)*56/(-84) is divided by 192.
184
Let z(i) = 3*i**3 + i**2 + 7*i. Let q = -492 + 495. Calculate the remainder when z(q) is divided by 19.
16
Let b(v) = 11*v - 9. Calculate the remainder when b(2) is divided by -3 - -14 - 19/((-171)/(-36)).
6
Let v = 6 - 4. Suppose 3*o = v*p + 146, -o + 62 = 2*p - 6*p. Let w = 96 + -71. Calculate the remainder when o is divided by w.
21
Let h be (-1 - 74/(-8))/(37/(-148)). Let p = 39 + h. What is the remainder when 87 is divided by p?
3
Suppose 0 = -6*g + 452 + 136. What is the remainder when 100 is divided by g?
2
Let b(v) = 18*v**2 + 2. Let c be b(-4). Calculate the remainder when 14 is divided by (7 - c/(-90)) + (-2)/9.
4
Suppose 44*k - 2015*k + 484866 = 0. Suppose -4*u = -3*u - 50. What is the remainder when k is divided by u?
46
Suppose 12 = -2*p + 5*p. What is the remainder when p is divided by -4 + 2 + (-15)/4*56/(-42)?
1
Suppose 1164 = 23*n + 311 - 90. Suppose -3*s = -4 + 10, s - 102 = -g. What is the remainder when g is divided by n?
22
Let x = 122 - 20. Let s = -96 + x. What is the remainder when (1 - 2)*2*-8 is divided by s?
4
Let t(n) = 6*n - 10. Let b be t(3). Suppose 0 = -5*s + b*s - 15. Suppose -5*f - u = -s*u - 240, u - 57 = -f. Calculate the remainder when f is divided by 18.
16
Let j(z) = -z**3 - 16*z**2 - 73*z - 9. Let f be j(-10). Let m = f + -49. Calculate the remainder when 429 is divided by m.
69
Suppose -19053 = 16*o - 56077. Calculate the remainder when o is divided by 80.
74
Let u(q) = -q**3 - 7*q**2 - q + 16. Let z(n) = -n**3 + 6*n**2 + 11*n + 33. Let x be z(8). Calculate the remainder when 41 is divided by u(x).
18
Let m = 4631 + -4504. What is the remainder when 424 is divided by m?
43
Let y = 54 + -54. Suppose 5*o + r - 78 = 0, 2*o - 2*r - 36 = -y. Suppose -o - 50 = -3*m. What is the remainder when m is divided by 3?
1
Let a = 3139 + -3122. Calculate the remainder when 931 is divided by a.
13
Let n(o) = 104*o + 583. What is the remainder when 544 is divided by n(-3)?
2
Let u(m) = -6*m - 1. Let p be u(1). Let n = 45 - p. Calculate the remainder when n is divided by (-19 + 2162/115)*(0 + -25).
2
Let p(z) = z - 4. Suppose 2*c = 3*i - 38 + 16, 3*c = -i. Let j(a) = a**3 - 4*a**2 - 23*a + 67. What is the remainder when p(i) is divided by j(6)?
0
What is the remainder when 933 is divided by 4*3 - (-96)/(-208)*-13?
15
Suppose 0 = 3*s + 24, 39*s - 40*s - 6485 = -3*p. Calculate the remainder when p is divided by 3.
2
Suppose -72*w + 308 = -65*w. Suppose w*n + 450 = 69*n. What is the remainder when 35 is divided by n?
17
Let d(v) = v - 162. Let g be d(0). Let b = -1576 - -1835. Let a = g + b. What is the remainder when a is divided by 20?
17
Suppose 1611 - 18 = 9*b. Suppose b = 7*d - 5. What is the remainder when d is divided by 8?
2
Let s(w) = w**3 + 7*w**2 - 2*w - 14. Let x be s(-7). Suppose 0*c + 5*c - 90 = x. Let p(a) = a**2 - 8*a + 18. Calculate the remainder when p(11) is divided by c.
15
Let a(i) = 35*i + 288. Calculate the remainder when a(0) is divided by 51.
33
Suppose -108*d + 4651 = -5*d - 808. What is the remainder when 237 is divided by d?
25
Let z(a) = a + 36. Let q be z(0). Suppose 3*d = 24 + q. Calculate the remainder when d is divided by 97/9 + (35/(-45) - -1).
9
Let o(m) = -31*m - 32. Calculate the remainder when o(-21) is divided by 27.
25
Suppose -4*c + 8*c - 134 = -2*t, 0 = -3*c - 3*t + 99. Let z be (-1944)/(-180) + (-2)/(-10). Suppose z*u - 70 = u. What is the remainder when c is divided by u?
6
Let n = 127 + -68. Let k(i) = 4*i**2 + 21*i + 10. Let h(f) = -2*f**2 - 11*f - 5. Let r(x) = 7*h(x) + 4*k(x). Calculate the remainder when n is divided by r(-5).
19
Suppose 44*a + 49*a - 7756 - 41348 = 0. What is the remainder when a is divided by 19?
15
Let g(x) = x - 29. Let u be g(34). Suppose -167 = -3*r - 5*t + 13, 2*t + 269 = u*r. Suppose -273 = 8*z - 9*z. What is the remainder when z is divided by r?
53
Suppose 148*h + 66*h - 68479 = -26321. Calculate the remainder when 783 is divided by h.
192
Suppose 43*g = 1985 - 7. Calculate the remainder when g is divided by 10.
6
Let u(i) = -i**3 - 11*i**2 + 72*i - 6. What is the remainder when 161 is divided by u(-16)?
39
Let y = 3107 - 3065. What is the remainder when 58 is divided by y?
16
Let n = 6 + -2. Calculate the remainder when 9/30*-5*-12*1 is divided by n.
2
Let f(m) = -653*m - 6514. Calculate the remainder when 419 is divided by f(-10).
3
Let p = -95 + 111. Let f(l) = -l**3 + 17*l**2 - 17*l + 10. Let u be f(p). What is the remainder when 2/3 - 110/u is divided by 10?
9
Let u = -479 - -3685. What is the remainder when u is divided by 10?
6
Suppose r - 53 = -0*r. Let q be (-1 - 0)/((-545)/135 - -4). Let t(l) = 5*l - 117. Calculate the remainder when r is divided by t(q).
17
Let x = 224 - 157. Suppose -6*i = -301 + x. What is the remainder when i is divided by (3/2)/(3/40)?
19
Suppose 4*q = -a + 5200, q + 5*a + 310 = 1629. What is the remainder when q is divided by 45?
39
Suppose 74971 = 63*n - 19277. What is the remainder when n is divided by 19?
14
Let i(x) = 2*x + 13. Let v be i(-3). Let y = 9 - v. What is the remainder when 37 is divided by y/(-10) - 101/(-5)?
17
Suppose 185*h - 14 - 3813 = 96*h. Calculate the remainder when 213 is divided by h.
41
Let o be (102/(-8))/(28/(-112)). Suppose -4*d - 522 = -5*y, -3*y + 265 + o = -d. Calculate the remainder when y is divided by 28.
22
Suppose -7 + 1 = -3*d, -3*d = 3*a - 1389. What is the remainder when a is divided by 11?
10
Let k(j) = -4*j**2 - 326*j - 128. What is the remainder when 405 is divided by k(-81)?
31
Let s = -95 + 107. Suppose 13*w - s*w = -171. What is the remainder when 73 is divided by (8/12)/((-3)/w)?
35
Let x(s) = -s**3 - 11*s**2 - 9*s + 5. Let t be x(-10). Let m be t/(-5 + 10)*(-3)/(-3). Calculate the remainder when 56 is divided by 36/(-2)*m - -2.
16
Let i(q) = 11*q**3 - 6*q**2 - 20*q + 48. Let h(l) = 2*l**3 - l**2. Let o(j) = -5*h(j) + i(j). What is the remainder when 139 is divided by o(4)?
11
Let c(b) = -73*b + 1346. Calculate the remainder when c(18) is divided by 7.
4
Suppose -2*x - 5*d = -118, -67 = 3*d - 61. What is the remainder when 128 is divided by x?
0
Let i = 8376 - 8364. What is the remainder when 7463 is divided by i?
11
Suppose 4*o + 5*j - 178 = 198, -6*o - j + 590 = 0. Calculate the remainder when 175 is divided by o.
76
Suppose 0 = -q - 6 + 8. Suppose 113 = q*r - 3*t, 0 = -0*r - 5*r - 5*t + 220. Calculate the remainder when r is divided by 1*(-33 + 0)/(-3).
5
Let o be 807/(-7) - (-12)/42. Suppose -19*m = 11*m - 4650. Let f = o + m. What is the remainder when 79 is divided by f?
39
Let n be 12*(-10)/(-660) + 392/22. Suppose -n*p = 3*a - 15*p - 804, -4*a - 3*p + 1076 = 0. What is the remainder when a is divided by 39?
38
Let s(o) = 100*o + 2351. What is the remainder when s(-10) is divided by 37?
19
What is the remainder when -1*5*(-13 + (-16236)/30) is divided by 132?
131
Calculate the remainder when -18236*(-13)/520 + 3/30 is divided by 135.
51
Suppose -4*g - 2*d + 1822 = 0, -5*g - 5*d = -0*g - 2290. What is the remainder when g is divided by 12?
9
Let x(w) = -w**2 - 68*w - 284. Calculate the remainder when x(-34) is divided by 73.
69
Let a(c) = -94*c - 14. Let l = -146 - -145. What is the remainder when a(l) is divided by 9?
8
Suppose -30*c + 4 = -29*c. Suppose -c*j - 2 = -t - 6, t + 4 = -4*j. Suppose j = 6*o - 65 - 55. What is the remainder when 138 is divided by o?
18
Suppose 0 = -5*j + 76*j - 11786. Calculate the remainder when j is divided by 72.
22
Suppose -5*a = -215 - 2310. Let z = a - 489. Let s(k) = 12*k - 1. What is the remainder when s(5) is divided by z?
11
What is the remainder when (-182886)/(-1428) + (-2)/28 is divided by 56?
16
Calculate the remainder when 425 is divided by -3 + 3 + -5 - (-2 - 74).
70
Suppose 5*h + 5*q - 65 = 0, 0 = h + 3*q - 275 + 252. What is the remainder when 156 is divided by h?
4
Suppose 5*s - 199 = 3*k, -s + k = -2*k - 47. Suppose 0 = -0*t - 2*t + s. What is the remainder when -159*(5*(-16)/(-120))/(-2) is divided by t?
15
Let x =